 highest common factor of w and 3.
3
Let c = 15 + -9. Suppose 0 = 3*v + 2*x - 9, -2*v = x - 0 - c. What is the highest common factor of v and 15?
3
Suppose -4*s + 6*s - 2*t - 12 = 0, -2*t - 21 = -5*s. Suppose -s*j - 2*j + 30 = 0. Let h = -6 + 12. What is the highest common divisor of j and h?
6
Let n = 20 - 10. Suppose 4*c - 117 = i, -i - 15 = -6*i. Calculate the highest common factor of c and n.
10
Let k be (24/(-20))/((-2)/20). Calculate the highest common factor of 96 and k.
12
Let k(b) = b + 5. Let f(z) = z + 23. Let y be f(-15). Let c be k(y). Calculate the highest common divisor of c and 143.
13
Suppose 0 = 5*r + 2*l - 23, -15 - 4 = -5*r - l. Suppose -w + k + 35 = -k, r*k = -3*w + 150. What is the greatest common divisor of 30 and w?
15
Suppose 5*s + 3 = -2. Let i = 2 + s. Let v = 71 + i. Calculate the greatest common factor of v and 9.
9
Let q(s) = -45*s - 25. Let t be q(-5). What is the greatest common factor of t and 25?
25
Suppose 0 = 6*a - 163 - 29. Calculate the greatest common divisor of a and 4.
4
Suppose 0 = -11*i + 17*i - 18. Calculate the highest common divisor of 30 and i.
3
Let v = 7 - 5. Let l(w) = -w - 5. Let i be ((-21)/12)/((-2)/(-8)). Let h be l(i). Calculate the highest common factor of v and h.
2
Suppose 2*z + m = 2*m + 421, 2*m = -z + 198. Calculate the highest common divisor of z and 26.
26
Suppose 3*p = -42 + 48. Let o(x) = 3*x**2 - 1. Let t be o(1). Calculate the highest common divisor of p and t.
2
Let p be 11/4 - 1/(-4). Suppose -7*l - 5*d - 190 = -2*l, 152 = -4*l - p*d. Let i = -25 - l. What is the highest common divisor of 91 and i?
13
Suppose 0 = 5*f - 37 + 2. Let v(d) = -3*d**2 + 5 + 5 + 3*d + 5*d + 2*d**2. Let y be v(f). Calculate the greatest common factor of 119 and y.
17
Let m = -6 + 3. Let u be 40/(-12)*m/1. Suppose y = -0*i - i + 12, 0 = 3*y + 5*i - 40. What is the greatest common divisor of y and u?
10
Let g be ((-9)/2)/(174/(-84) - -2). Calculate the greatest common divisor of 18 and g.
9
Suppose 86 - 396 = -5*t. Calculate the highest common factor of 31 and t.
31
Suppose 2*m - 132 = -2*a, 122 - 456 = -5*m - 4*a. What is the greatest common divisor of 5 and m?
5
Let q = -4 + 7. Let y be (-27 - q)*(-1)/2. What is the greatest common factor of 3 and y?
3
Suppose 4*n - 26 = -5*y, 0 = y - 3*y + n + 13. What is the highest common factor of y and 54?
6
Let k = 5 + -9. Suppose -18 = 3*b + 192. Let g be 4/5*b/k. What is the greatest common divisor of 28 and g?
14
Let n = -11 + 16. Let r(k) = -k + 2*k**2 + k - n + 3*k. Let j be r(-8). Calculate the greatest common factor of j and 9.
9
Let l be (-2)/(1 + 20/(-12)). Suppose -p + 2*c = -70 + 16, l*p - 2*c - 142 = 0. What is the highest common divisor of 110 and p?
22
Suppose -6*b = 2*p - b - 44, -110 = -4*p + b. Calculate the greatest common divisor of p and 189.
27
Suppose 4 = 3*i - 5. Suppose 30 = -5*j + 5*l, i*l + 20 - 6 = -j. Let w = j + 14. Calculate the greatest common factor of w and 6.
6
Let g(y) = -y**2 + 5*y + 3. Let p be g(4). Suppose -46 + p = -3*w. Suppose -l + 2*l = w. Calculate the greatest common factor of 143 and l.
13
Let u = 395 - 263. Let q = u + -76. What is the greatest common divisor of 7 and q?
7
Suppose 90 = k - 2*z, k - 62 = 4*z + 30. What is the greatest common factor of k and 8?
8
Let b(u) = -u**3 + 17*u**2 - 6*u + 25. Let l be b(15). What is the highest common divisor of 35 and l?
35
Let y be 1 + (-1 - 1) - -17. Suppose z = 2*z. Suppose z*g = -g + 40. Calculate the highest common factor of y and g.
8
Let o(p) = -9*p + 3. Let u be o(-7). Suppose 5*n + c - 31 = 0, 4*n + 2*c = -c + 27. What is the highest common factor of n and u?
6
Let k = 37 + -22. Suppose 23 = 2*z - 37. What is the highest common divisor of k and z?
15
Let y be (8/16)/((-1)/(-84)). Suppose 2*x - 6 = x. Calculate the greatest common divisor of y and x.
6
Let c be 10/(-3) - (-1)/3. Let w = 44 + -83. Let z = c - w. Calculate the highest common factor of z and 9.
9
Let l = -8 + 27. Let g(i) = -i**2 + 95. Let c be g(0). Calculate the greatest common divisor of c and l.
19
Let y(a) = 2*a + 3. Let j be y(-2). Let q(m) = -12*m + 2*m - 1 - 2*m - 3*m. Let u be q(j). Calculate the highest common divisor of 14 and u.
14
Let a be (-118)/(-15) - 12/(-90). Let z(v) = v - 3. Let b be z(6). Suppose -b*t - 640 = -a*t. Calculate the greatest common factor of 16 and t.
16
Let p = -43 - -47. What is the highest common factor of 1 and p?
1
Let j(l) = -27*l**3 + l**2 - l - 1. Let t be j(-1). Let a be (-1 - -2) + (13 - 10). Calculate the highest common factor of t and a.
4
Let v be 6*(14/(-3))/(-1). Suppose -47 = 5*f - 4*l - 19, 5*f + 26 = 3*l. Let r be (-3 + 0)/(3/f). Calculate the highest common divisor of v and r.
4
Let q = 297 - 80. Calculate the greatest common divisor of 31 and q.
31
Suppose -4*p - u = -244, 192 = 3*p - 2*u + 5*u. What is the greatest common divisor of 12 and p?
12
Suppose -2*c + 66 = -0*c. Calculate the greatest common factor of 3 and c.
3
Let l = -2 + 22. Suppose 2*k + 2*m = 322, -5*m - 475 = -3*k - 0*k. Calculate the highest common factor of l and k.
20
Let f(h) = h**2 + 17*h - 48. Let v be f(-20). What is the highest common factor of v and 36?
12
Let q = 11 - 8. Let k be (-6)/(3/2 - q). Suppose k*v = v + 162. Calculate the highest common divisor of v and 6.
6
Suppose -4*l = -0*l + 56. Let r = l + 20. Let k = 17 - r. What is the greatest common divisor of k and 99?
11
Suppose 6*z - 4*z + 2*c = 16, 0 = 4*z + c - 26. Calculate the greatest common factor of z and 4.
2
Let k be -14 + -4 + 4 + -2. Let q = k - -24. What is the highest common factor of q and 1?
1
Let s be (-6)/(-10) - (-7)/5. Suppose -s*q = -21 + 3. Let z(f) = 7*f**2 - 2*f - 5. Let w be z(4). Calculate the greatest common factor of w and q.
9
Let t = -4 + 6. Let q be 896/8*1/t. Calculate the highest common factor of 14 and q.
14
Let q be -4 + -1 + 5 - -6. What is the greatest common divisor of 2 and q?
2
Let q be 3 - (-4)/(-6)*12. Let l(j) = j + 7. Let g be l(q). Calculate the highest common factor of 14 and g.
2
Let x = -138 + 203. Let t = -54 + 80. Calculate the highest common factor of x and t.
13
Suppose 28 - 37 = -3*s. Calculate the greatest common factor of s and 3.
3
Suppose 4*w - 153 = -3*l, 5*l = -3*w + l + 120. What is the greatest common divisor of w and 144?
36
Suppose -h + 4*k = -34, 0*k = -h - 3*k + 13. Calculate the highest common divisor of h and 44.
22
Let p(c) = c**2 + c - 3. Suppose 0 = -4*d + 5*d + 3. Let n be p(d). Let r be (-37)/(-3) + (-2)/6. Calculate the greatest common divisor of r and n.
3
Suppose 4*m - 220 = 2*m. Suppose -y - 4*k = 2*y - 38, 0 = -2*y + 3*k + 14. Calculate the greatest common factor of y and m.
10
Let j be (-1 - -1) + (2 - -4). Let y = j - -1. Calculate the greatest common factor of y and 35.
7
Let h = -63 - -191. Suppose x - h = -2*n - 0*x, 5*n = -4*x + 320. What is the highest common factor of n and 16?
16
Suppose 2*z = -175 - 95. Let m be z/(-12) - (-2)/(-8). Let r be (0 + 1)/((-9)/(-9)). Calculate the greatest common divisor of m and r.
1
Suppose -2*c = -3*c + 13. Calculate the highest common factor of c and 104.
13
Suppose -9*d + 352 = 2*d. What is the greatest common factor of d and 48?
16
Let q = -126 + 159. What is the highest common divisor of q and 363?
33
Suppose 35 = 2*g + 3*g. What is the greatest common divisor of g and 7?
7
Let b = 46 - 37. What is the greatest common factor of 27 and b?
9
Suppose 350 = -2*a + 7*a. Let j be a/2 - (3 - 1). What is the highest common factor of 22 and j?
11
Let x = 51 + -28. Let h(s) = 24*s**3 - 2*s**2 + s. Let m be h(1). Calculate the highest common divisor of m and x.
23
Let k(u) = 12*u**2. Let h = -9 + 8. Let t be k(h). What is the highest common divisor of t and 84?
12
Let d be (18/(-15))/((-12)/160). Calculate the highest common divisor of 64 and d.
16
Suppose -3*b - 5 = c - 41, -c + 58 = 5*b. Let v(d) = d**2 - d - 1. Let y be 2/6 - 11/(-3). Let s be v(y). Calculate the highest common factor of b and s.
11
Suppose 4*u - 1756 = -0*u + 4*g, u = -5*g + 445. Suppose 0 = -0*j - 4*j + u. Calculate the greatest common factor of j and 44.
22
Suppose 39 = 2*n + n. Calculate the highest common divisor of 78 and n.
13
Suppose 3*i - c = -3*c + 86, 3*i = 2*c + 70. Calculate the greatest common factor of 182 and i.
26
Le